hen 2002219 is divided by 182014?
65
What is the remainder when 2693434 is divided by 56?
2
What is the remainder when 27837 is divided by 1692?
765
Calculate the remainder when 1146469 is divided by 3860.
49
Calculate the remainder when 9616480 is divided by 18042.
94
Calculate the remainder when 7164231 is divided by 95.
91
What is the remainder when 1030490 is divided by 4172?
6
Calculate the remainder when 3287259 is divided by 2677.
2580
What is the remainder when 19754231 is divided by 379?
372
Calculate the remainder when 20264098 is divided by 6031.
5969
What is the remainder when 736810 is divided by 736330?
480
What is the remainder when 24518979 is divided by 2724331?
0
Calculate the remainder when 107916 is divided by 105656.
2260
What is the remainder when 1148657 is divided by 19?
12
What is the remainder when 69806722 is divided by 30?
22
What is the remainder when 5866185 is divided by 15316?
157
Calculate the remainder when 179760 is divided by 828.
84
Calculate the remainder when 15485885 is divided by 11238.
11159
Calculate the remainder when 11480004 is divided by 3025.
129
What is the remainder when 25136 is divided by 4770?
1286
Calculate the remainder when 2316139973 is divided by 76.
73
Calculate the remainder when 281103 is divided by 901.
892
Calculate the remainder when 1329573 is divided by 803.
608
Calculate the remainder when 622583 is divided by 2404.
2351
What is the remainder when 523249 is divided by 174327?
268
Calculate the remainder when 141651 is divided by 87.
15
What is the remainder when 301604 is divided by 2702?
1682
Calculate the remainder when 132266 is divided by 33054.
50
What is the remainder when 261227 is divided by 102?
5
What is the remainder when 152404807 is divided by 107?
106
Calculate the remainder when 53658064 is divided by 5933.
12
What is the remainder when 108584 is divided by 108553?
31
Calculate the remainder when 371712 is divided by 185514.
684
Calculate the remainder when 28735446 is divided by 1799.
19
Calculate the remainder when 9353901 is divided by 582.
579
Calculate the remainder when 908621 is divided by 429.
428
What is the remainder when 52926642 is divided by 4811511?
21
Calculate the remainder when 130355845 is divided by 7.
4
Calculate the remainder when 626616 is divided by 2002.
1992
Calculate the remainder when 251106 is divided by 608.
2
Calculate the remainder when 72837174 is divided by 260.
254
Calculate the remainder when 11166736 is divided by 175.
161
Calculate the remainder when 767333 is divided by 255637.
422
Calculate the remainder when 11326737 is divided by 358.
333
Calculate the remainder when 29619026 is divided by 13129.
2
What is the remainder when 41402624 is divided by 10350651?
20
What is the remainder when 1006310 is divided by 35928?
326
Calculate the remainder when 914051 is divided by 5223.
26
What is the remainder when 35264 is divided by 2502?
236
What is the remainder when 5024696 is divided by 170?
6
What is the remainder when 25022667 is divided by 1021?
1020
Calculate the remainder when 1585198 is divided by 7.
6
What is the remainder when 931272 is divided by 277?
275
Calculate the remainder when 51431 is divided by 12659.
795
What is the remainder when 9353355 is divided by 13615?
13465
Calculate the remainder when 108748764 is divided by 11434.
11424
Calculate the remainder when 485561 is divided by 21.
20
What is the remainder when 2861399 is divided by 5655?
5624
What is the remainder when 35174945 is divided by 154276?
17
What is the remainder when 6277292 is divided by 204?
8
Calculate the remainder when 32974680 is divided by 515229.
24
What is the remainder when 693061 is divided by 8786?
7753
What is the remainder when 7725 is divided by 453?
24
What is the remainder when 982787 is divided by 38?
31
Calculate the remainder when 23675 is divided by 4703.
160
Calculate the remainder when 1707986 is divided by 9448.
7346
What is the remainder when 8459489 is divided by 1691896?
9
Calculate the remainder when 2779097 is divided by 463159.
143
What is the remainder when 3281701 is divided by 697?
225
What is the remainder when 1801719 is divided by 1453?
1452
What is the remainder when 315438 is divided by 63082?
28
Calculate the remainder when 5595559 is divided by 542.
493
What is the remainder when 602209 is divided by 100354?
85
Calculate the remainder when 32739 is divided by 30063.
2676
Calculate the remainder when 4794387 is divided by 31541.
155
Calculate the remainder when 505485 is divided by 252737.
11
Calculate the remainder when 35073 is divided by 6581.
2168
Calculate the remainder when 77734571 is divided by 38867272.
27
What is the remainder when 464923 is divided by 15?
13
Calculate the remainder when 478210 is divided by 1703.
1370
Calculate the remainder when 1561 is divided by 167.
58
What is the remainder when 35108669 is divided by 32388?
77
Calculate the remainder when 125446 is divided by 3358.
1200
What is the remainder when 462806 is divided by 154260?
26
Calculate the remainder when 7062 is divided by 7019.
43
Calculate the remainder when 19230071 is divided by 4747.
4721
Calculate the remainder when 1038179 is divided by 5736.
5699
Calculate the remainder when 1177015 is divided by 19949.
24
What is the remainder when 14742 is divided by 2451?
36
What is the remainder when 62150 is divided by 8521?
2503
What is the remainder when 3449238 is divided by 866?
826
What is the remainder when 773104 is divided by 386544?
16
Calculate the remainder when 813601 is divided by 1058.
1057
Calculate the remainder when 18926939 is divided by 1066.
109
What is the remainder when 129607253 is divided by 69?
68
Calculate the remainder when 7018979 is divided by 24.
11
What is the remainder when 4268052 is divided by 3010?
2882
What is the remainder when 414972193 is divided by 55?
53
Calculate the remainder when 363018 is divided by 2557.
2481
What is the remainder when 32796 is divided by 12772?
7252
What is the remainder when 1519477 is divided by 282?
61
Calculate the remainder when 347058150 is divided by 14.
12
Calculate the remainder when 2891878 is divided by 370.
328
What is the remainder when 160397 is divided by 14566?
171
Calculate the remainder when 36518856 is divided by 141.
138
Calculate the remainder when 5719140 is divided by 2859556.
28
What is the remainder when 3427713 is divided by 670?
663
What is the remainder when 972290 is divided by 933?
104
What is the remainder when 296009895 is divided by 5788?
5787
Calculate the remainder when 340813 is divided by 12888.
5725
Calculate the remainder when 28275586 is divided by 19.
14
What is the remainder when 43923 is divided by 4371?
213
What is the remainder when 4177306 is divided by 1064?
42
What is the remainder when 9025180 is divided by 81?
79
What is the remainder when 515622 is divided by 16112?
38
Calculate the remainder when 7611085 is divided by 11.
9
Calculate the remainder when 2237949 is divided by 86074.
25
Calculate the remainder when 16783536 is divided by 1220.
1216
What is the remainder when 16367708 is divided by 225?
83
What is the remainder when 685511 is divided by 148?
123
Calculate the remainder when 449418 is divided by 22470.
18
What is the remainder when 166801 is divided by 11801?
1587
What is the remainder when 13987 is divided by 4365?
892
Calculate the remainder when 15873422 is divided by 610516.
6
Calculate the remainder when 892617 is divided by 397.
161
Calculate the remainder when 14550268 is divided by 10559.
10525
Calculate the remainder when 685077 is divided by 557.
524
What is the remainder when 213651 is divided by 97?
57
Calculate the remainder when 76761 is divided by 77.
69
What is the remainder when 8292082 is divided by 1036510?
2
What is the remainder when 12575419 is divided by 1523?
8
What is the remainder when 105135082 is divided by 43?
39
What is the remainder when 37944 is divided by 12645?
9
What is the remainder when 28850 is divided by 221?
120
What is the remainder when 318260 is divided by 3078?
1226
What is the remainder when 985173 is divided by 63?
42
What is the remainder when 290671 is divided by 175?
171
Calculate the remainder when 1383510 is divided by 4889.
4812
Calculate the rem